e -3*k + k - 11 = -3*h, c = k + h + 13. What is the units digit of (-2)/(-5) + (-6)/k?
1
Suppose 2 = -3*i + 5*i - 2*a, 0 = -2*i + 3*a + 1. Suppose i*m - 35 = -3*m. What is the units digit of m?
7
Suppose -7*d - 20 = -5*d. Let w = 23 + d. What is the units digit of w?
3
Let o be -45*(0 - 1/1). Suppose -n = -6*n + 5*x + o, 3 = -3*n - 3*x. Suppose 1 = n*m - 3. What is the units digit of m?
1
Let j be 3/(-9) + (-8)/12. What is the tens digit of (j - 0) + -2 - -28?
2
Let k = -28 - -16. Let o = 24 + k. What is the units digit of o?
2
Let j = 62 - 21. What is the tens digit of j?
4
Let f be (1 - 1)*(-1 - 0). Suppose 2*l - l - 29 = f. Suppose 0 = 5*g + 4 - l. What is the units digit of g?
5
Let a(s) = s**3 + 4*s**2 + 5*s. Let g be a(-4). What is the tens digit of (g/8 + 2)*-26?
1
Let h(g) = 9*g + 5. What is the tens digit of h(3)?
3
Let k(a) = 4 + 0*a + 4 - a**2 + a**3 + a. Suppose 4*u - 3*u = 0. What is the units digit of k(u)?
8
Suppose -j + 50 = 3*b, -1 - 1 = b + 5*j. Suppose 0 = -0*o - 3*o + b. What is the units digit of o?
6
Let q(z) be the second derivative of -z**3/6 - 3*z**2 + 2*z. Let o be q(-7). What is the units digit of 1 - (-1 + 1)/o?
1
Let a = 7 + -5. Let y = a + -1. What is the units digit of y?
1
What is the tens digit of ((-28)/(-14))/(2/258)?
5
Suppose 3*w + 4*l + 956 = 7*w, -3*w + l + 719 = 0. What is the units digit of w?
0
Let g = 109 + 17. What is the hundreds digit of g?
1
Suppose 0 = 4*i - 2 - 10. Suppose -2*j - i*p = -14, -5*j + p + 78 = 9. What is the tens digit of j?
1
Suppose -25 = -3*r - 2*r. Suppose -r*i + 3 = -17. What is the units digit of i?
4
Let a be (11 - 8) + (6 - -1). Let b(g) = g**3 - 10*g**2 + 3*g - 5. What is the tens digit of b(a)?
2
Let h = -9 + 22. Let l = 24 - h. What is the tens digit of l?
1
Let c be 140/8*8/5. Let l = -20 + c. What is the units digit of l?
8
Let f(u) = -8*u**3 - u + 1. Let v be f(1). Let t = v - -23. What is the units digit of t?
5
Suppose 3*p + 62 = 20. What is the units digit of 5/(-4)*(p + -6)?
5
Let d(l) = 5*l + 15. Let k(i) = -i - 1. Let o(w) = -d(w) - 3*k(w). What is the units digit of o(-9)?
6
Let t = -15 - -23. What is the units digit of 1 - 2 - (t + -33)?
4
Suppose 7*g = 8*g + 3. Let h = -1 - g. Suppose -h*m = 3*m - 15. What is the units digit of m?
3
Let k = 1 - -10. What is the units digit of k?
1
Let r be -2 + (-3)/(9/120). Let w = r - -74. What is the tens digit of w?
3
Let k be 1*-45*10/(-6). Suppose 0 = -3*p + 5*n + 49, -4*p + k - 5 = -2*n. What is the units digit of p?
8
Suppose 2*m = -8, 2*h - 21 + 51 = m. Let p be 7*3/(-6)*2. Let c = p - h. What is the units digit of c?
0
Let g(y) = y - 7. Let s be 5 + -1 + 1 + 1. Let t be g(s). What is the tens digit of 15 - (1 + (t - -3))?
1
Let c(o) = -3*o**3 + 4*o**2 + o - 1. Let b be c(3). Let d = 72 + b. What is the tens digit of d?
2
Suppose 6*z - 46 = 626. What is the hundreds digit of z?
1
Let c = 5 + 0. Suppose -2*i + c*i - 12 = 0. What is the units digit of i?
4
Let a be (-5)/2*(3 - 1). Let j = -3 - a. Suppose q + 1 = -r, 2*r + 3*q + j + 2 = 0. What is the units digit of r?
1
Suppose 0 = -8*k + 3*k - 20. Let t = 7 + k. Suppose 1 = -t*d + 4*d. What is the units digit of d?
1
Suppose 4*s - 15 = -s. Suppose -s*r + 63 = -0*r. What is the units digit of r?
1
Let l be (4/(-12))/(1/(-114)). Let s = l - -4. What is the units digit of s?
2
Let j = 140 + 126. What is the hundreds digit of j?
2
Let j(g) = -g**2 - 6*g - 2. Let n be j(-4). Suppose -h - 1 = -n. What is the units digit of h?
5
Let i(r) = -2 - r + 6 + 5 + 3. What is the units digit of i(11)?
1
Suppose -7*o + 11*o = -180. Let r = o + 67. What is the tens digit of r?
2
Let k be (-28)/21*(-30)/(-4). Let r(n) = -n**2 - 11*n - 6. Let t be r(k). Suppose -t*q + 40 = 4*v, 8*q = 3*q + 4*v + 68. What is the tens digit of q?
1
Suppose 0*x = x + 3. Let l(r) = r**2 - 2*r - 3. What is the units digit of l(x)?
2
What is the tens digit of (-22)/(-88) - (-231)/4?
5
Suppose 5*r - 1 - 4 = -4*b, -5 = -4*r - 3*b. Let n = r - 3. Let u = n + 0. What is the units digit of u?
2
Let g = -4 - 0. Let y be (3 - g)/((-1)/(-2)). Suppose -3*c = -5*c + y. What is the units digit of c?
7
Suppose 5*a = -2*o + 1360, -a - 2*o = 3*o - 272. What is the tens digit of a?
7
Let n(q) = q + 2. Let r be n(-4). What is the units digit of r/(3 - (-118)/(-38))?
9
Let o(u) = 3*u + 8. What is the units digit of o(6)?
6
Let h(g) = -26*g - 46. What is the units digit of h(-7)?
6
Suppose -3*b + 25 = 2*b. Let r = b - 5. What is the units digit of (r + -15)*(-12)/20?
9
Suppose -2*a + 61 = -i - 70, 4*i = -3*a + 191. What is the tens digit of a?
6
Let t(f) = -4*f + 1. Let l be t(-1). Suppose l*s - 143 = m, 5*m = -3*s + 16 + 53. What is the units digit of s?
8
Let t = 0 + 8. What is the units digit of t?
8
Suppose -5*p = -5*f + 26 - 76, -28 = -2*p + 4*f. Suppose -p*n = -n - 70. What is the units digit of n?
4
What is the hundreds digit of 2 + (-2)/((-208)/(-212) - 1)?
1
Let r be -2*(-3 - (1 - -1)). Suppose -i = i - r. Suppose -i*x + 39 = -2*x. What is the tens digit of x?
1
Suppose -r - 11 = 5. What is the units digit of (16/10)/(r/(-40))?
4
Let o(r) = r**3 + 8*r**2 + 7*r - 8. Let x be o(-6). Let c be x/6 + 3/9. Suppose 5*a = c*u + 18 - 60, 2*a + 12 = u. What is the units digit of u?
8
Let w(a) = a - 2. Let i be (-2 + 4)*(-2)/(-1). What is the units digit of w(i)?
2
Let o = 13 + -8. Let c(b) be the first derivative of b**2 - 2*b - 1. What is the units digit of c(o)?
8
Suppose 5*f - 10 = 15. Let s(n) = 6 - 3*n + f*n - n. What is the units digit of s(0)?
6
Let q(w) = -w**3 + 10*w**2 - 9*w + 12. Let i(v) = -v**2 - 9*v - 5. Let a be i(-7). What is the tens digit of q(a)?
1
Suppose 0 = 2*v + 2*v - 8. Suppose 0 = -4*m + 12, -v*q + 4*m + 5 = -m. Let a = q - 5. What is the units digit of a?
5
Let p = 52 - 2. What is the tens digit of p?
5
Let w(q) = q - 8. Let m be w(12). Suppose m*s = -f + 18, f + 3*s - 4*s + 2 = 0. What is the units digit of f?
2
Suppose -d = 4*d + 5. Let f = d + 4. What is the units digit of f?
3
Let s = -153 - -217. Suppose -3*q - w + s = 0, 0*q - q + 4*w = -30. What is the units digit of q?
2
Let f(s) = s + 12. Let k be f(-9). Suppose 0*g = g - k. What is the units digit of (7/2)/(g/6)?
7
Let h(w) = -w**3 + w + 7. Suppose -f + 4*f = 0. What is the units digit of h(f)?
7
Let n = 93 + -61. What is the tens digit of n?
3
Let f = -12 - -14. Suppose x + 0*x = -f*h + 35, -2*h + 3*x = -47. What is the tens digit of h?
1
Let g = -3 - -2. What is the units digit of ((-22)/10)/(g/5)?
1
Let b be (-2)/(-3) + (-12)/(-9). Suppose 3*c = -i + 1, -c - c = i - b. What is the units digit of c/1 + 0 + 3?
2
Suppose -5*k + 28 + 2 = -5*v, -4*k - v = 1. What is the units digit of (36/21)/(k/7)?
2
Suppose -2*u = -5 - 7. Let o be u - (0 - 1)*-1. Suppose -4*b - o*k + k = -20, 4*b + 2*k - 26 = 0. What is the units digit of b?
8
Suppose 4*u - 2*w - 30 = 0, 4*u + w = -3*w. Let a(t) = -t**3 - 4*t**2 + 2*t + 4. Let v be a(-4). What is the units digit of ((-2)/v)/(u/10)?
1
Let b = -3 - -6. Suppose -2*s + b*s = 11. What is the units digit of s?
1
Suppose n + 2*t = 4*n - 201, -2*n - 4*t = -150. What is the tens digit of n/3 + 3 + 0?
2
Let d(a) = -a**3 + 3*a**2 - a + 1. Let f be d(2). Suppose -s + 0 = -f. Suppose 0 = -2*z + 3*t - 1, 0*t + 4*t = -s*z + 7. What is the units digit of z?
1
Let h(c) = 181*c**2 + 2 - 181*c**2 + c**3. What is the units digit of h(0)?
2
Let s = 2 - 4. Let k = s + 2. Suppose -2*n + 20 = -k*n. What is the units digit of n?
0
Let z(x) = x**2 + 4*x + 5. Let f be z(-9). Suppose 3 + 13 = 2*h. What is the units digit of (-2)/h + f/8?
6
Let v = 55 + 13. Suppose 7*w - v = 3*w. What is the tens digit of w?
1
Let x = -1 + 4. Suppose -x*l = -4*l + 4. Suppose -m = l*m - 35. What is the units digit of m?
7
What is the units digit of -10 + 10 - -38*1?
8
Suppose 3*u - 27 = -3*s, 4*s = 2*s - u + 13. Suppose -4*k + 20 = -s*l - 0*l, -2*k = 2*l - 2. What is the units digit of k?
3
Let i be -10*(144/(-15) + 2). Suppose 5*d + 4*t - i = 0, -3*d = -3*t + t - 50. Let j = d + -10. What is the units digit of j?
6
Let x = 5 + -2. Suppose -24 = -2*z + 5*z + x*l, 5*l - 14 = z. Let b = 4 - z. What is the units digit of b?
3
Suppose 16*b - 20*b + 220 = 0. What is the tens digit of b?
5
Let m(f) = 2*f**2 - 2 + 4*f**3 - 5*f**3 + 4 + 0. Let x be m(2). What 